
Suppose 12*j + 305 - 893 = 0. What is the highest common factor of 28 and j?
7
Suppose -11 = 2*r + 3*b, 3*b + 7 = -3*r - r. Let p be (r - (-12)/(-8))*2. What is the greatest common factor of p and 1?
1
Let h(f) = f**2 - 2 + 3 - 54*f**3 - 1. Let p be h(-1). Let b be 3/(-6)*(22/(-2) - -1). Calculate the greatest common factor of b and p.
5
Suppose -k = -5*b, -2*k - 2 = 5*b - 17. Calculate the greatest common divisor of b and 6.
1
Suppose 2*m - 5*m - f + 207 = 0, -5*f = -4*m + 276. Suppose -14*u - 134 + 778 = 0. What is the highest common factor of u and m?
23
Let x(m) = -77*m + 585. Let g be x(7). Calculate the highest common divisor of g and 230.
46
Suppose 16*f = 11*f + 30. Let z = -5 + f. Calculate the greatest common divisor of 3 and z.
1
Let m(j) = -2*j + 18. Let i be m(8). Let u(q) = 1 + 7 - i*q - 12. Let v be u(-6). What is the highest common factor of v and 1?
1
Let j = -4496 + 7646. Calculate the highest common divisor of j and 126.
126
Suppose 36 = 57*v - 54*v. Calculate the greatest common factor of 348 and v.
12
Suppose -d + 36 = 3*m, 4*m - 91 - 45 = -5*d. What is the greatest common divisor of 6 and d?
6
Suppose 0*i = -2*i + 6. Suppose 5*h = -4*b + 41, -i + 0 = h - 2*b. Calculate the greatest common factor of 20 and h.
5
Let o(z) = z**2 + 5*z + 33. Let k be o(14). Calculate the greatest common factor of k and 23.
23
Let o = 245 - 74. Let q = o - 51. Calculate the highest common factor of 15 and q.
15
Suppose 2*h - 5*n + 81 = 0, 0*h + n - 145 = 5*h. Let f = 19 - -135. Let v be 42/11 - h/f. Calculate the highest common factor of v and 20.
4
Suppose -5*l = -3*w + 20, -3*w + 2*w - 4*l - 16 = 0. Let d = w - -2. Let r = 14 + -6. What is the highest common factor of d and r?
2
Let u = 42 - 28. Suppose -17*v = -u*v - 21. Let w be (98/(-4))/((-1)/2). What is the greatest common factor of w and v?
7
Let a(l) = l**3 - 5*l**2 - l + 30. Let w be a(6). What is the highest common divisor of 84 and w?
12
Let w(h) = h + 13. Let g be w(-8). Suppose -280 = -g*p + 440. Let j = -14 - -32. Calculate the highest common factor of j and p.
18
Let b(h) = h**2 - 10*h + 10. Let a be b(10). Let x = 22 - 18. Suppose 80 = x*r - 5*s, 5*r + 4*s + 6 = 147. What is the greatest common factor of a and r?
5
Let p = 8 + -7. Suppose -3*s + p = -4*s. Let n be -1 + (s - -1) + 89. What is the highest common factor of n and 8?
8
Let f(l) = -l**3 + 25*l**2 + 97*l - 52. Let v be f(28). What is the greatest common factor of 8 and v?
8
Let s = -425 + 500. What is the highest common divisor of 2175 and s?
75
Suppose 0 = 6*r - 141 - 561. Calculate the highest common divisor of r and 26.
13
Suppose 133 = 5*r + 2*r. Let o be ((-3)/(-2))/((-2)/12). Let v = r - o. Calculate the greatest common factor of v and 7.
7
Let t = 485 + -480. Calculate the greatest common divisor of 125 and t.
5
Suppose -y = -i - 20, -y + 7*i = 3*i - 26. Suppose 3*w + 22 = -t - 157, 5*t + 877 = 3*w. Let n = -50 - t. Calculate the highest common factor of n and y.
18
Let c = 16 + -15. Suppose -c - 25 = -f. What is the greatest common factor of 182 and f?
26
Let i(z) = z**2 + 36*z - 90. Let o be i(3). Calculate the greatest common divisor of 2619 and o.
27
Let v be (-71)/(-12) - 43/(-516). What is the greatest common factor of 69 and v?
3
Suppose x = 2*w + 3*x + 14, 0 = 2*w + 4*x + 24. Let f be 3*w/(-6) + 0. Let u be f*3 - (-95 + 2). Calculate the highest common factor of 24 and u.
24
Suppose -25 + 1 = -4*j. Suppose 0 = 27*c - 14*c - 156. Calculate the greatest common divisor of j and c.
6
Let o be -10*312/(-39)*29/20. Calculate the greatest common factor of 319 and o.
29
Suppose 2*u + 3*u + t = 1215, 1215 = 5*u + 2*t. Calculate the highest common factor of 18 and u.
9
Let k be 2 - (4 - (64 - -6)). Calculate the highest common factor of k and 68.
68
Suppose h = -2*q + 21, -3*h = -h - 6. What is the highest common factor of 9 and q?
9
Suppose 0 = 5*d - 38 - 247. What is the highest common factor of d and 1083?
57
Suppose -255 = -7*f - 52. Calculate the greatest common divisor of f and 29.
29
Suppose 0*k = -4*k + 32. Let y = -1509 + 1533. Calculate the highest common factor of y and k.
8
Let m(w) = 31*w - 2. Suppose 5*q - 6 = 4. Let x be m(q). Let t = -2307 + 2322. Calculate the greatest common divisor of x and t.
15
Let u(t) = t**2 - 8*t - 43. Let z be u(16). Calculate the greatest common factor of 425 and z.
85
Suppose 0 = -3*d - 2*q + 8 + 7, -4*q = 0. Suppose c + 3*b = -21, -7 = d*c - 2*b + 13. Let t be ((-2)/4)/(3/c). What is the greatest common factor of t and 3?
1
Let j(p) = -p**2 - 7*p + 174. Let b be j(-9). Calculate the highest common factor of 39 and b.
39
Let q = 230 - 198. What is the highest common divisor of 64 and q?
32
Suppose 4*v - n = 28, -3*v - 25 = -3*n - 46. Let p = -151 - -235. What is the greatest common divisor of p and v?
7
Suppose 3*v - 8 - 16 = 5*o, 4*v = -4*o. Suppose 5*g + v = 78. Calculate the greatest common factor of 165 and g.
15
Suppose -p + 4*p = 12. Suppose 0 = 4*k + p, 4*k = 4*x + 5*k - 55. Calculate the highest common divisor of 2 and x.
2
Suppose -264 = 5*l - 8*l. Let s be 48/(-4*(-3)/l). Let v be ((-64)/12)/(2/(-12)). What is the greatest common factor of s and v?
32
Suppose 5*a + 51 = -5*g + 246, 4*g + 5*a = 159. Let p be ((-28)/10)/(3/15). Let b = p - -18. Calculate the greatest common factor of g and b.
4
Suppose -11*s = -9*s - 714. Calculate the greatest common divisor of s and 42.
21
Let h(s) = -s**2 + s + 13. Let m be h(0). Suppose -5*c = 188 - 8. Let k = 3 - c. Calculate the highest common factor of m and k.
13
Let g(b) = 2*b**3 - 6*b**2 - 19*b - 2. Let a be g(5). What is the greatest common factor of 21 and a?
3
Let y(d) = 0 + d + 4 - 9 + 0*d. Let n be y(9). Suppose -4 = -n*j - 0. Calculate the greatest common factor of 1 and j.
1
Suppose -107*c = -103*c. Suppose 2*p = 5*p - 291. Suppose c = 4*w - 119 - p. What is the highest common factor of w and 6?
6
Let g = -67 + 70. Suppose 15 = -2*k + 657. Let h be k/12 + 2/8. Calculate the greatest common factor of g and h.
3
Let p(z) = -15 + 4*z - 3*z + 32. Let m be p(6). Calculate the highest common divisor of m and 253.
23
Let q be (-2)/(-5) + (-106)/(-10). Let u = -777 - -799. Calculate the greatest common divisor of u and q.
11
Let d(c) = 5*c**3 + 2*c**2 - 3*c + 2. Let i be d(1). Suppose i*s - 310 = -4*q + 3*s, 2*q = -5*s + 162. Calculate the highest common divisor of 19 and q.
19
Suppose -3*j = 7 + 5. Let n = 24 + j. Calculate the greatest common factor of 40 and n.
20
Suppose -718 = -20*a - 178. Calculate the highest common factor of 171 and a.
9
Suppose -165 = -2*k - 157. Calculate the greatest common factor of 16 and k.
4
Suppose 3*u - 5*x - 1199 = 0, -u + 33*x + 433 = 38*x. Calculate the highest common factor of u and 168.
24
Let f(q) = -q**2 + 3*q + 5. Let p be f(0). Suppose -4*j = -p*j + 20. Calculate the highest common factor of j and 5.
5
Let p = -240 - -280. Let u be (-2)/(-6)*(11 + 4). Calculate the highest common divisor of p and u.
5
Let t be 11 + (-14)/(112/(-600)). Calculate the greatest common factor of t and 731.
43
Suppose 4*d = -s - 22 + 217, 0 = -5*d + 5*s + 275. Let y(m) = m**2 + 12*m + 45. Let q be y(-5). What is the greatest common divisor of q and d?
10
Let k(z) = -z**3 + 5*z**2 - 2*z + 4. Let v be k(4). Suppose -2907*b + 2918*b - 528 = 0. Calculate the highest common divisor of b and v.
12
Suppose -4*n + 113 = -9*x + 10*x, -x - 3 = 0. What is the highest common factor of 87 and n?
29
Let l(b) = -7*b**2 - b**2 - 9*b - 3*b**3 + 8 + 4*b**3. Let z be l(9). Suppose -a - 7 = -z. Calculate the greatest common factor of 5 and a.
1
Suppose 0 = 2*r - 2*x + 505 - 85, 4*r + 835 = 5*x. Let s = -149 - r. Suppose -6*z + 33 + 33 = 0. Calculate the highest common divisor of s and z.
11
Suppose 5*a + 60 = -5*a. Let p be 2*(-196)/(-12) - 2/a. What is the greatest common factor of 22 and p?
11
Suppose 0 = a + 5*a - 180. Suppose 4*g = -3*l + 137, g = -2*l - 3*g + 90. Suppose 4*w - l = 1033. Calculate the highest common divisor of a and w.
30
Let q(a) = 4*a + 125. Let z be q(-21). Calculate the greatest common divisor of 779 and z.
41
Suppose 0 = 4*n - 309 + 69. What is the greatest common divisor of n and 510?
30
Let f be -10 + 136/14 + 1082/14. What is the greatest common divisor of f and 44?
11
Let a(x) = 24*x